{"id":316,"date":"2018-04-23T07:09:07","date_gmt":"2018-04-23T07:09:07","guid":{"rendered":"http:\/\/wp3.commonsupport.com\/newwp\/hubli\/?page_id=11"},"modified":"2019-05-31T12:40:31","modified_gmt":"2019-05-31T10:40:31","slug":"home-page-two","status":"publish","type":"page","link":"https:\/\/distilleriedouence.fr\/","title":{"rendered":"Home Page accueil"},"content":{"rendered":"<p><section id=\"accueil\" class=\"kc-elm kc-css-294815 kc_row\"><div class=\"kc-row-container\"><div class=\"kc-wrap-columns\"><div class=\"kc-elm kc-css-182954 kc_col-sm-12 kc_column kc_col-sm-12\"><div class=\"kc-col-container\">\n\t<!--Main Slider-->\n\t<section class=\"main-slider style-two\">\n\t\t\n\t\t\t<!-- START slide_classic REVOLUTION SLIDER 6.6.20 --><p class=\"rs-p-wp-fix\"><\/p>\n\t\t\t<rs-module-wrap id=\"rev_slider_11_1_wrapper\" data-source=\"gallery\" style=\"visibility:hidden;background:#ffffff;padding:0;margin:0px auto;margin-top:0;margin-bottom:0;\">\n\t\t\t\t<rs-module id=\"rev_slider_11_1\" style=\"\" data-version=\"6.6.20\">\n\t\t\t\t\t<rs-slides style=\"overflow: hidden; position: absolute;\">\n\t\t\t\t\t\t<rs-slide style=\"position: absolute;\" data-key=\"rs-56\" data-title=\"Ken Burns\" data-thumb=\"\/\/distilleriedouence.fr\/wp-content\/uploads\/2019\/04\/slider_1920x1020-ext_distillerie-40x40.jpg\" data-duration=\"4000\" data-anim=\"ms:3790;\" data-in=\"o:0;sx:0.6;sy:0.6;e:power4.inOut;\" data-out=\"o:0;sx:1.6;sy:1.6;e:power4.inOut;\">\n\t\t\t\t\t\t\t<img src=\"\/\/distilleriedouence.fr\/wp-content\/plugins\/revslider\/public\/assets\/assets\/dummy.png\" alt=\"\" title=\"Home Page accueil\" class=\"rev-slidebg tp-rs-img rs-lazyload\" data-lazyload=\"\/\/distilleriedouence.fr\/wp-content\/uploads\/2019\/04\/slider_1920x1020-ext_distillerie.jpg\" data-parallax=\"10\" data-panzoom=\"d:30000;ss:100;se:120;\" data-no-retina>\n<!--\n\t\t\t\t\t\t\t--><rs-layer\n\t\t\t\t\t\t\t\tid=\"slider-11-slide-56-layer-1\" \n\t\t\t\t\t\t\t\tclass=\"NotGeneric-Title\"\n\t\t\t\t\t\t\t\tdata-type=\"text\"\n\t\t\t\t\t\t\t\tdata-color=\"#5b7c00\"\n\t\t\t\t\t\t\t\tdata-rsp_ch=\"on\"\n\t\t\t\t\t\t\t\tdata-xy=\"x:c;y:m;yo:-181px,-164px,-150px,-115px;\"\n\t\t\t\t\t\t\t\tdata-text=\"s:80,70,70,50;l:70,70,70,50;\"\n\t\t\t\t\t\t\t\tdata-padding=\"t:10;b:10;\"\n\t\t\t\t\t\t\t\tdata-frame_0=\"y:-100%;o:1;tp:600;\"\n\t\t\t\t\t\t\t\tdata-frame_0_mask=\"u:t;\"\n\t\t\t\t\t\t\t\tdata-frame_1=\"tp:600;sp:3490;sR:10;\"\n\t\t\t\t\t\t\t\tdata-frame_1_mask=\"u:t;\"\n\t\t\t\t\t\t\t\tdata-frame_999=\"y:100%;tp:600;e:power2.inOut;st:w;sp:500;sR:500;\"\n\t\t\t\t\t\t\t\tdata-frame_999_mask=\"u:t;\"\n\t\t\t\t\t\t\t\tstyle=\"z-index:5;font-family:'Mr Dafoe';\"\n\t\t\t\t\t\t\t>Bienvenue \n\t\t\t\t\t\t\t<\/rs-layer><!--\n\n\t\t\t\t\t\t\t--><rs-layer\n\t\t\t\t\t\t\t\tid=\"slider-11-slide-56-layer-4\" \n\t\t\t\t\t\t\t\tclass=\"NotGeneric-SubTitle\"\n\t\t\t\t\t\t\t\tdata-type=\"text\"\n\t\t\t\t\t\t\t\tdata-color=\"#5b7c00\"\n\t\t\t\t\t\t\t\tdata-rsp_ch=\"on\"\n\t\t\t\t\t\t\t\tdata-xy=\"x:c;y:m;yo:-113px,-97px,-93px,-71px;\"\n\t\t\t\t\t\t\t\tdata-text=\"s:23,20,18,15;l:30,20,20,20;fw:600,600,500,700;\"\n\t\t\t\t\t\t\t\tdata-frame_0=\"y:100%;tp:600;\"\n\t\t\t\t\t\t\t\tdata-frame_0_mask=\"u:t;y:100%;\"\n\t\t\t\t\t\t\t\tdata-frame_1=\"tp:600;e:power4.inOut;sp:3490;sR:10;\"\n\t\t\t\t\t\t\t\tdata-frame_1_mask=\"u:t;\"\n\t\t\t\t\t\t\t\tdata-frame_999=\"y:100%;tp:600;e:power2.inOut;st:w;sp:500;sR:500;\"\n\t\t\t\t\t\t\t\tdata-frame_999_mask=\"u:t;\"\n\t\t\t\t\t\t\t\tstyle=\"z-index:6;font-family:'Raleway';letter-spacing:4px;text-align:left;\"\n\t\t\t\t\t\t\t>A LA DISTILLERIE DOUENCE \n\t\t\t\t\t\t\t<\/rs-layer><!--\n\n\t\t\t\t\t\t\t--><rs-layer\n\t\t\t\t\t\t\t\tid=\"slider-11-slide-56-layer-6\" \n\t\t\t\t\t\t\t\tclass=\"NotGeneric-SubTitle\"\n\t\t\t\t\t\t\t\tdata-type=\"text\"\n\t\t\t\t\t\t\t\tdata-color=\"#5b7c00\"\n\t\t\t\t\t\t\t\tdata-rsp_ch=\"on\"\n\t\t\t\t\t\t\t\tdata-xy=\"x:c;y:m;yo:-75px,-66px,-63px,-43px;\"\n\t\t\t\t\t\t\t\tdata-text=\"s:23,20,18,15;l:30,20,20,20;fw:600,600,500,700;\"\n\t\t\t\t\t\t\t\tdata-frame_0=\"y:100%;tp:600;\"\n\t\t\t\t\t\t\t\tdata-frame_0_mask=\"u:t;y:100%;\"\n\t\t\t\t\t\t\t\tdata-frame_1=\"tp:600;e:power4.inOut;sp:3490;sR:10;\"\n\t\t\t\t\t\t\t\tdata-frame_1_mask=\"u:t;\"\n\t\t\t\t\t\t\t\tdata-frame_999=\"y:100%;tp:600;e:power2.inOut;st:w;sp:500;sR:500;\"\n\t\t\t\t\t\t\t\tdata-frame_999_mask=\"u:t;\"\n\t\t\t\t\t\t\t\tstyle=\"z-index:7;font-family:'Raleway';letter-spacing:4px;text-align:left;\"\n\t\t\t\t\t\t\t>Entreprise familiale \n\t\t\t\t\t\t\t<\/rs-layer><!--\n-->\t\t\t\t\t\t<\/rs-slide>\n\t\t\t\t\t\t<rs-slide style=\"position: absolute;\" data-key=\"rs-62\" data-title=\"Ken Burns\" data-thumb=\"\/\/distilleriedouence.fr\/wp-content\/uploads\/2019\/01\/vigne2-40x40.jpg\" data-duration=\"4000\" data-anim=\"ms:2000;\" data-in=\"o:0;sx:0.6;sy:0.6;e:power4.inOut;\" data-out=\"o:0;sx:1.6;sy:1.6;e:power4.inOut;\">\n\t\t\t\t\t\t\t<img src=\"\/\/distilleriedouence.fr\/wp-content\/plugins\/revslider\/public\/assets\/assets\/dummy.png\" alt=\"\" title=\"Home Page accueil\" class=\"rev-slidebg tp-rs-img rs-lazyload\" data-lazyload=\"\/\/distilleriedouence.fr\/wp-content\/uploads\/2019\/01\/vigne2.jpg\" data-parallax=\"10\" data-panzoom=\"d:30000;ss:100;se:120;\" data-no-retina>\n<!--\n\t\t\t\t\t\t\t--><rs-layer\n\t\t\t\t\t\t\t\tid=\"slider-11-slide-62-layer-1\" \n\t\t\t\t\t\t\t\tclass=\"NotGeneric-Title\"\n\t\t\t\t\t\t\t\tdata-type=\"text\"\n\t\t\t\t\t\t\t\tdata-color=\"#ffffff||rgba(255, 255, 255, 1)||rgba(255, 255, 255, 1)||rgba(255, 255, 255, 1)\"\n\t\t\t\t\t\t\t\tdata-rsp_ch=\"on\"\n\t\t\t\t\t\t\t\tdata-xy=\"x:c;y:m;yo:-111px,-131px,-112px,-94px;\"\n\t\t\t\t\t\t\t\tdata-text=\"s:80,70,70,50;l:70,70,70,50;\"\n\t\t\t\t\t\t\t\tdata-padding=\"t:10;b:10;\"\n\t\t\t\t\t\t\t\tdata-frame_0=\"y:-100%;o:1;tp:600;\"\n\t\t\t\t\t\t\t\tdata-frame_0_mask=\"u:t;\"\n\t\t\t\t\t\t\t\tdata-frame_1=\"tp:600;st:1000;sp:1500;sR:1000;\"\n\t\t\t\t\t\t\t\tdata-frame_1_mask=\"u:t;\"\n\t\t\t\t\t\t\t\tdata-frame_999=\"y:100%;tp:600;e:power2.inOut;st:w;sp:1000;sR:1500;\"\n\t\t\t\t\t\t\t\tdata-frame_999_mask=\"u:t;\"\n\t\t\t\t\t\t\t\tstyle=\"z-index:5;font-family:'Mr Dafoe';\"\n\t\t\t\t\t\t\t>Partenaire \n\t\t\t\t\t\t\t<\/rs-layer><!--\n\n\t\t\t\t\t\t\t--><rs-layer\n\t\t\t\t\t\t\t\tid=\"slider-11-slide-62-layer-4\" \n\t\t\t\t\t\t\t\tclass=\"NotGeneric-SubTitle\"\n\t\t\t\t\t\t\t\tdata-type=\"text\"\n\t\t\t\t\t\t\t\tdata-color=\"#ffffff||rgba(255, 255, 255, 1)||rgba(255, 255, 255, 1)||rgba(255, 255, 255, 1)\"\n\t\t\t\t\t\t\t\tdata-rsp_ch=\"on\"\n\t\t\t\t\t\t\t\tdata-xy=\"x:c;y:m;yo:-39px,-71px,-51px,-48px;\"\n\t\t\t\t\t\t\t\tdata-text=\"s:23,20,18,15;l:20;fw:600,600,500,700;\"\n\t\t\t\t\t\t\t\tdata-frame_0=\"y:100%;tp:600;\"\n\t\t\t\t\t\t\t\tdata-frame_0_mask=\"u:t;y:100%;\"\n\t\t\t\t\t\t\t\tdata-frame_1=\"tp:600;e:power4.inOut;st:1000;sp:2000;sR:1000;\"\n\t\t\t\t\t\t\t\tdata-frame_1_mask=\"u:t;\"\n\t\t\t\t\t\t\t\tdata-frame_999=\"y:100%;tp:600;e:power2.inOut;st:w;sp:1000;sR:1000;\"\n\t\t\t\t\t\t\t\tdata-frame_999_mask=\"u:t;\"\n\t\t\t\t\t\t\t\tstyle=\"z-index:6;font-family:'Raleway';letter-spacing:4px;text-align:left;\"\n\t\t\t\t\t\t\t>DE LA VITICULTURE DU SUD-OUEST \n\t\t\t\t\t\t\t<\/rs-layer><!--\n-->\t\t\t\t\t\t<\/rs-slide>\n\t\t\t\t\t\t<rs-slide style=\"position: absolute;\" data-key=\"rs-60\" data-title=\"Ken Burns\" data-thumb=\"\/\/distilleriedouence.fr\/wp-content\/uploads\/2019\/01\/raisin-3-40x40.jpg\" data-duration=\"4000\" data-anim=\"ms:2000;\" data-in=\"o:0;sx:0.6;sy:0.6;e:power4.inOut;\" data-out=\"o:0;sx:1.6;sy:1.6;e:power4.inOut;\">\n\t\t\t\t\t\t\t<img src=\"\/\/distilleriedouence.fr\/wp-content\/plugins\/revslider\/public\/assets\/assets\/dummy.png\" alt=\"\" title=\"Home Page accueil\" class=\"rev-slidebg tp-rs-img rs-lazyload\" data-lazyload=\"\/\/distilleriedouence.fr\/wp-content\/uploads\/2019\/01\/raisin-3.jpg\" data-parallax=\"10\" data-panzoom=\"d:30000;ss:100;se:120;\" data-no-retina>\n<!--\n\t\t\t\t\t\t\t--><rs-layer\n\t\t\t\t\t\t\t\tid=\"slider-11-slide-60-layer-1\" \n\t\t\t\t\t\t\t\tclass=\"NotGeneric-Title\"\n\t\t\t\t\t\t\t\tdata-type=\"text\"\n\t\t\t\t\t\t\t\tdata-color=\"#bfe85d\"\n\t\t\t\t\t\t\t\tdata-rsp_ch=\"on\"\n\t\t\t\t\t\t\t\tdata-xy=\"x:c;xo:0,0,0,1px;y:m;yo:-49px,0,0,-17px;\"\n\t\t\t\t\t\t\t\tdata-text=\"s:80,70,70,60;l:70,70,70,50;\"\n\t\t\t\t\t\t\t\tdata-padding=\"t:10;b:10;\"\n\t\t\t\t\t\t\t\tdata-frame_0=\"y:-100%;o:1;tp:600;\"\n\t\t\t\t\t\t\t\tdata-frame_0_mask=\"u:t;\"\n\t\t\t\t\t\t\t\tdata-frame_1=\"tp:600;st:1000;sp:1500;sR:1000;\"\n\t\t\t\t\t\t\t\tdata-frame_1_mask=\"u:t;\"\n\t\t\t\t\t\t\t\tdata-frame_999=\"y:100%;tp:600;e:power2.inOut;st:w;sp:1000;sR:1500;\"\n\t\t\t\t\t\t\t\tdata-frame_999_mask=\"u:t;\"\n\t\t\t\t\t\t\t\tstyle=\"z-index:5;font-family:'Mr Dafoe';\"\n\t\t\t\t\t\t\t>Mod\u00e8le \n\t\t\t\t\t\t\t<\/rs-layer><!--\n\n\t\t\t\t\t\t\t--><rs-layer\n\t\t\t\t\t\t\t\tid=\"slider-11-slide-60-layer-4\" \n\t\t\t\t\t\t\t\tclass=\"NotGeneric-SubTitle\"\n\t\t\t\t\t\t\t\tdata-type=\"text\"\n\t\t\t\t\t\t\t\tdata-color=\"rgba(255, 255, 255, 1)\"\n\t\t\t\t\t\t\t\tdata-rsp_ch=\"on\"\n\t\t\t\t\t\t\t\tdata-xy=\"x:c;y:m;yo:15px,51px,51px,31px;\"\n\t\t\t\t\t\t\t\tdata-text=\"s:23,20,20,20;l:20;fw:600,600,600,500;\"\n\t\t\t\t\t\t\t\tdata-frame_0=\"y:100%;tp:600;\"\n\t\t\t\t\t\t\t\tdata-frame_0_mask=\"u:t;y:100%;\"\n\t\t\t\t\t\t\t\tdata-frame_1=\"tp:600;e:power4.inOut;st:1000;sp:2000;sR:1000;\"\n\t\t\t\t\t\t\t\tdata-frame_1_mask=\"u:t;\"\n\t\t\t\t\t\t\t\tdata-frame_999=\"y:100%;tp:600;e:power2.inOut;st:w;sp:1000;sR:1000;\"\n\t\t\t\t\t\t\t\tdata-frame_999_mask=\"u:t;\"\n\t\t\t\t\t\t\t\tstyle=\"z-index:6;font-family:'Raleway';letter-spacing:4px;text-align:left;\"\n\t\t\t\t\t\t\t>D'\u00c9CONOMIE CIRCULAIRE \n\t\t\t\t\t\t\t<\/rs-layer><!--\n-->\t\t\t\t\t\t<\/rs-slide>\n\t\t\t\t\t\t<rs-slide style=\"position: absolute;\" data-key=\"rs-57\" data-title=\"HTML5 Video\" data-thumb=\"\/\/distilleriedouence.fr\/wp-content\/uploads\/2019\/01\/cheminee_film_1920X885-40x40.jpg\" data-duration=\"4000\" data-anim=\"ms:2000;\" data-in=\"o:-0.5;sx:1.6;sy:1.6;e:power0.inOut;\" data-out=\"o:0;sx:0.6;sy:0.6;e:power4.inOut;\">\n\t\t\t\t\t\t\t<img src=\"\/\/distilleriedouence.fr\/wp-content\/plugins\/revslider\/public\/assets\/assets\/dummy.png\" alt=\"\" title=\"Home Page accueil\" class=\"rev-slidebg tp-rs-img rs-lazyload\" data-lazyload=\"\/\/distilleriedouence.fr\/wp-content\/uploads\/2019\/01\/cheminee_film_1920X885.jpg\" data-parallax=\"10\" data-panzoom=\"d:30000;ss:100;se:120;\" data-no-retina>\n<!--\n\t\t\t\t\t\t\t--><rs-layer\n\t\t\t\t\t\t\t\tid=\"slider-11-slide-57-layer-1\" \n\t\t\t\t\t\t\t\tclass=\"NotGeneric-Title\"\n\t\t\t\t\t\t\t\tdata-type=\"text\"\n\t\t\t\t\t\t\t\tdata-color=\"#ffffff||rgba(255, 255, 255, 1)||rgba(255, 255, 255, 1)||rgba(255, 255, 255, 1)\"\n\t\t\t\t\t\t\t\tdata-rsp_ch=\"on\"\n\t\t\t\t\t\t\t\tdata-xy=\"x:c;xo:-1px,0,0,0;y:m;yo:-18px,-12px,-13px,0;\"\n\t\t\t\t\t\t\t\tdata-text=\"s:80,70,70,40;l:70,70,70,50;\"\n\t\t\t\t\t\t\t\tdata-padding=\"t:10;b:10;\"\n\t\t\t\t\t\t\t\tdata-frame_0=\"sX:0.9;sY:0.9;rZ:5deg;tp:600;\"\n\t\t\t\t\t\t\t\tdata-frame_1=\"tp:600;e:back.out;st:1000;sp:1500;sR:1000;\"\n\t\t\t\t\t\t\t\tdata-frame_999=\"y:100%;tp:600;e:power2.inOut;st:w;sp:1000;sR:1500;\"\n\t\t\t\t\t\t\t\tdata-frame_999_mask=\"u:t;\"\n\t\t\t\t\t\t\t\tstyle=\"z-index:5;font-family:'Mr Dafoe';\"\n\t\t\t\t\t\t\t>Investissements r\u00e9guliers \n\t\t\t\t\t\t\t<\/rs-layer><!--\n\n\t\t\t\t\t\t\t--><rs-layer\n\t\t\t\t\t\t\t\tid=\"slider-11-slide-57-layer-4\" \n\t\t\t\t\t\t\t\tclass=\"NotGeneric-SubTitle\"\n\t\t\t\t\t\t\t\tdata-type=\"text\"\n\t\t\t\t\t\t\t\tdata-color=\"rgba(255, 255, 255, 1)\"\n\t\t\t\t\t\t\t\tdata-rsp_ch=\"on\"\n\t\t\t\t\t\t\t\tdata-xy=\"x:c;y:m;yo:52px,52px,52px,51px;\"\n\t\t\t\t\t\t\t\tdata-text=\"s:23,23,23,17;l:20,20,20,23;fw:500,500,500,600;\"\n\t\t\t\t\t\t\t\tdata-frame_0=\"y:100%;tp:600;\"\n\t\t\t\t\t\t\t\tdata-frame_0_mask=\"u:t;y:100%;\"\n\t\t\t\t\t\t\t\tdata-frame_1=\"tp:600;e:power4.inOut;st:1000;sp:2000;sR:1000;\"\n\t\t\t\t\t\t\t\tdata-frame_1_mask=\"u:t;\"\n\t\t\t\t\t\t\t\tdata-frame_999=\"y:100%;tp:600;e:power2.inOut;st:w;sp:1000;sR:1000;\"\n\t\t\t\t\t\t\t\tdata-frame_999_mask=\"u:t;\"\n\t\t\t\t\t\t\t\tstyle=\"z-index:6;font-family:'Raleway';letter-spacing:4px;text-align:left;\"\n\t\t\t\t\t\t\t>DANS SES INSTALLATIONS \n\t\t\t\t\t\t\t<\/rs-layer><!--\n-->\t\t\t\t\t\t<\/rs-slide>\n\t\t\t\t\t\t<rs-slide style=\"position: absolute;\" data-key=\"rs-61\" data-title=\"HTML5 Video\" data-thumb=\"\/\/distilleriedouence.fr\/wp-content\/uploads\/2019\/03\/slider_1920x1020_bassin1-40x40.jpg\" data-duration=\"4000\" data-anim=\"ms:2000;\" data-in=\"o:-0.5;sx:1.6;sy:1.6;e:power0.inOut;\" data-out=\"o:0;sx:0.6;sy:0.6;e:power4.inOut;\">\n\t\t\t\t\t\t\t<img src=\"\/\/distilleriedouence.fr\/wp-content\/plugins\/revslider\/public\/assets\/assets\/dummy.png\" alt=\"\" title=\"Home Page accueil\" class=\"rev-slidebg tp-rs-img rs-lazyload\" data-lazyload=\"\/\/distilleriedouence.fr\/wp-content\/uploads\/2019\/03\/slider_1920x1020_bassin1.jpg\" data-parallax=\"10\" data-panzoom=\"d:30000;ss:100;se:120;\" data-no-retina>\n<!--\n\t\t\t\t\t\t\t--><rs-layer\n\t\t\t\t\t\t\t\tid=\"slider-11-slide-61-layer-1\" \n\t\t\t\t\t\t\t\tclass=\"NotGeneric-Title\"\n\t\t\t\t\t\t\t\tdata-type=\"text\"\n\t\t\t\t\t\t\t\tdata-color=\"#ffffff||rgba(255, 255, 255, 1)||rgba(255, 255, 255, 1)||rgba(255, 255, 255, 1)\"\n\t\t\t\t\t\t\t\tdata-rsp_ch=\"on\"\n\t\t\t\t\t\t\t\tdata-xy=\"x:c;y:m;yo:-209px,-201px,-173px,-148px;\"\n\t\t\t\t\t\t\t\tdata-text=\"s:80,70,70,43;l:70,70,70,50;\"\n\t\t\t\t\t\t\t\tdata-padding=\"t:10;b:10;\"\n\t\t\t\t\t\t\t\tdata-frame_0=\"sX:0.9;sY:0.9;rZ:5deg;tp:600;\"\n\t\t\t\t\t\t\t\tdata-frame_1=\"tp:600;e:back.out;st:1000;sp:1500;sR:1000;\"\n\t\t\t\t\t\t\t\tdata-frame_999=\"y:100%;tp:600;e:power2.inOut;st:w;sp:1000;sR:1500;\"\n\t\t\t\t\t\t\t\tdata-frame_999_mask=\"u:t;\"\n\t\t\t\t\t\t\t\tstyle=\"z-index:5;font-family:'Mr Dafoe';\"\n\t\t\t\t\t\t\t>Outil environnemental \n\t\t\t\t\t\t\t<\/rs-layer><!--\n\n\t\t\t\t\t\t\t--><rs-layer\n\t\t\t\t\t\t\t\tid=\"slider-11-slide-61-layer-4\" \n\t\t\t\t\t\t\t\tclass=\"NotGeneric-SubTitle\"\n\t\t\t\t\t\t\t\tdata-type=\"text\"\n\t\t\t\t\t\t\t\tdata-color=\"rgba(255, 255, 255, 1)\"\n\t\t\t\t\t\t\t\tdata-rsp_ch=\"on\"\n\t\t\t\t\t\t\t\tdata-xy=\"x:c;y:m;yo:-133px,-132px,-108px,-104px;\"\n\t\t\t\t\t\t\t\tdata-text=\"s:23,16,20,11;l:25,20,20,15;fw:500,600,500,700;a:center;\"\n\t\t\t\t\t\t\t\tdata-frame_0=\"y:100%;tp:600;\"\n\t\t\t\t\t\t\t\tdata-frame_0_mask=\"u:t;y:100%;\"\n\t\t\t\t\t\t\t\tdata-frame_1=\"tp:600;e:power4.inOut;st:1000;sp:2000;sR:1000;\"\n\t\t\t\t\t\t\t\tdata-frame_1_mask=\"u:t;\"\n\t\t\t\t\t\t\t\tdata-frame_999=\"y:100%;tp:600;e:power2.inOut;st:w;sp:1000;sR:1000;\"\n\t\t\t\t\t\t\t\tdata-frame_999_mask=\"u:t;\"\n\t\t\t\t\t\t\t\tstyle=\"z-index:6;font-family:'Raleway';letter-spacing:4px;text-align:left;\"\n\t\t\t\t\t\t\t>DE POINTE DE LA VITICULTURE <BR>EN MATI\u00c8RE TECHNOLOGIQUE ET \u00c9COLOGIQUE \n\t\t\t\t\t\t\t<\/rs-layer><!--\n-->\t\t\t\t\t\t<\/rs-slide>\n\t\t\t\t\t<\/rs-slides>\n\t\t\t\t<\/rs-module>\n\t\t\t\t<script>\n\t\t\t\t\tsetREVStartSize({c: 'rev_slider_11_1',rl:[1240,1024,778,480],el:[],gw:[1240,1024,778,480],gh:[750,600,500,400],type:'standard',justify:'',layout:'fullwidth',mh:\"0\"});if (window.RS_MODULES!==undefined && window.RS_MODULES.modules!==undefined && window.RS_MODULES.modules[\"revslider111\"]!==undefined) {window.RS_MODULES.modules[\"revslider111\"].once = false;window.revapi11 = undefined;if (window.RS_MODULES.checkMinimal!==undefined) window.RS_MODULES.checkMinimal()}\n\t\t\t\t<\/script>\n\t\t\t<\/rs-module-wrap>\n\t\t\t<!-- END REVOLUTION SLIDER -->\n\t<\/section>\n\t<!--End Main Slider-->\n\n<!--About Section-->\n<section class=\"about-section\">\n    <div class=\"auto-container\">\n        <div class=\"sec-title text-center\">\n            <h4 class=\"title\">Accueil<\/h4>\n            <h2>Partenaire de la viticulture du sud-ouest<\/h2>\n            <div class=\"separator\"><span class=\"flaticon-nature\"><\/span><\/div>\n        <\/div>\n        <div class=\"row clearfix\">\n        \n            <!--Content Column-->\n            <div class=\"content-column col-md-6 col-sm-12 col-xs-12\">\n                <div class=\"inner-box\">\n                    <h3>La Distillerie DOUENCE <b>collecte, distille et valorise les sous-produits de la viticulture et des vins<\/b> du grand Sud-Ouest depuis plus de 70 ans.\r\n<p>\r\n<blockquote>Elle est aujourd'hui l'outil environnemental de pointe  de la viticulture en mati\u00e8re technologique et \u00e9cologique.<\/a><\/h3>\n                                        <!--Accordion Box-->\n                    <ul class=\"accordion-box\">\n                                                <!--Block-->\n                        <li class=\"accordion block\">\n                            <div class=\"acc-btn\"><div class=\"icon-outer\"><span class=\"icon fa fa-angle-right\"><\/span><\/div>Notre m\u00e9tier<\/div>\n                            <div class=\"acc-content\">\n                                <div class=\"content\">\n                                    <p>Situ\u00e9e dans l\u2019Entre-deux-Mers, pr\u00e8s de Bordeaux, la Distillerie DOUENCE collecte et valorise :\r\n<b><br>- les marcs de raisin \r\n<br><b>- les lies de vin et les bourbes\r\n<br><b>- les vins. (cf. sch\u00e9ma de production)<\/p>\n                                <\/div>\n                            <\/div>\n                        <\/li>\n\t\t\t\t\t\t                        <!--Block-->\n                        <li class=\"accordion block\">\n                            <div class=\"acc-btn\"><div class=\"icon-outer\"><span class=\"icon fa fa-angle-right\"><\/span><\/div>Notre d\u00e9marche environnementale<\/div>\n                            <div class=\"acc-content\">\n                                <div class=\"content\">\n                                    <p>Soucieuse de sa politique de d\u00e9veloppement durable depuis de nombreuses ann\u00e9es, la Distillerie DOUENCE investit r\u00e9guli\u00e8rement dans son outil afin d'\u00eatre toujours plus respectueuse de son environnement.<\/p>\n                                <\/div>\n                            <\/div>\n                        <\/li>\n\t\t\t\t\t\t                \t<\/ul>  \n                <\/div>\n            <\/div>\n            \n            <!--Image Column-->\n            <div class=\"image-column col-md-6 col-sm-12 col-xs-12\">\n                <div class=\"image wow fadeInRight\" data-wow-duration=\"1500ms\">\n                    <figure class=\"image-1\"><img src=\"http:\/\/distilleriedouence.fr\/wp-content\/uploads\/2019\/01\/marcs_raisin_500X390.jpg\" alt=\"Awesome Image\"><\/figure>\n                    <figure class=\"image-2\"><img src=\"http:\/\/distilleriedouence.fr\/wp-content\/uploads\/2019\/01\/grappe_450x450-1.jpg\" alt=\"Awesome Image\"><\/figure>\n                <\/div>\n            <\/div>\n        <\/div>\n    <\/div>\n<\/section>\n<!--End About Section--><\/div><\/div><\/div><\/div><\/section><section class=\"kc-elm kc-css-290912 kc_row\"><div class=\"kc-row-container  kc-container\"><div class=\"kc-wrap-columns\"><div class=\"kc-elm kc-css-462164 kc_col-sm-7 kc_column kc_col-sm-7\"><div class=\"kc-col-container\">\n<div class=\"kc-elm kc-css-866938\">\n\t<a class=\"kc_button\" href=\"http:\/\/distilleriedouence.fr\/wp-content\/uploads\/2019\/04\/2013_06_Schema_eco_circ_13.jpg\" target=\"_blank\" title=\"Sch\u00e9ma d:apos:\u00e9conomie circulaire\" onclick=\"\">\n\t\tSch\u00e9ma d:apos:\u00e9conomie circulaire\t<\/a>\n<\/div>\n<\/div><\/div><div class=\"kc-elm kc-css-297696 kc_col-sm-1 kc_column kc_col-sm-1\"><div class=\"kc-col-container\"><\/div><\/div><div class=\"kc-elm kc-css-704925 kc_col-sm-4 kc_column kc_col-sm-4\"><div class=\"kc-col-container\"><\/div><\/div><\/div><\/div><\/section><section class=\"kc-elm kc-css-867184 kc_row\"><div class=\"kc-row-container  kc-container\"><div class=\"kc-wrap-columns\"><div class=\"kc-elm kc-css-835328 kc_col-sm-12 kc_column kc_col-sm-12\"><div class=\"kc-col-container\"><div class=\"kc-elm kc-css-866883\" style=\"height: 85px; clear: both; width:100%;\"><\/div><\/div><\/div><\/div><\/div><\/section><\/p>\n","protected":false},"excerpt":{"rendered":"","protected":false},"author":1,"featured_media":0,"parent":0,"menu_order":0,"comment_status":"closed","ping_status":"closed","template":"tpl-king_composer.php","meta":{"ngg_post_thumbnail":0},"yoast_head":"<!-- This site is optimized with the Yoast SEO plugin v21.8.1 - https:\/\/yoast.com\/wordpress\/plugins\/seo\/ -->\n<title>Home Page accueil - Distillerie Douence<\/title>\n<meta name=\"robots\" content=\"index, follow, max-snippet:-1, max-image-preview:large, max-video-preview:-1\" \/>\n<link rel=\"canonical\" href=\"https:\/\/distilleriedouence.fr\/\" \/>\n<meta property=\"og:locale\" content=\"fr_FR\" \/>\n<meta property=\"og:type\" content=\"article\" \/>\n<meta property=\"og:title\" content=\"Home Page accueil - Distillerie Douence\" \/>\n<meta property=\"og:description\" content=\"Accueil Partenaire de la viticulture du sud-ouest La Distillerie DOUENCE collecte, distille et valorise les sous-produits de la viticulture et des vins du grand Sud-Ouest depuis plus de 70 ans. Elle est aujourd&rsquo;hui l&rsquo;outil environnemental de pointe de la viticulture en mati\u00e8re technologique et \u00e9cologique. Notre m\u00e9tier Situ\u00e9e dans l\u2019Entre-deux-Mers, pr\u00e8s de Bordeaux, la Distillerie\" \/>\n<meta property=\"og:url\" content=\"https:\/\/distilleriedouence.fr\/\" \/>\n<meta property=\"og:site_name\" content=\"Distillerie Douence\" \/>\n<meta property=\"article:modified_time\" content=\"2019-05-31T10:40:31+00:00\" \/>\n<meta property=\"og:image\" content=\"http:\/\/distilleriedouence.fr\/wp-content\/uploads\/2019\/01\/marcs_raisin_500X390.jpg\" \/>\n<meta name=\"twitter:card\" content=\"summary_large_image\" \/>\n<meta name=\"twitter:label1\" content=\"Dur\u00e9e de lecture estim\u00e9e\" \/>\n\t<meta name=\"twitter:data1\" content=\"1 minute\" \/>\n<script type=\"application\/ld+json\" class=\"yoast-schema-graph\">{\"@context\":\"https:\/\/schema.org\",\"@graph\":[{\"@type\":\"WebPage\",\"@id\":\"https:\/\/distilleriedouence.fr\/\",\"url\":\"https:\/\/distilleriedouence.fr\/\",\"name\":\"Home Page accueil - Distillerie Douence\",\"isPartOf\":{\"@id\":\"https:\/\/distilleriedouence.fr\/#website\"},\"datePublished\":\"2018-04-23T07:09:07+00:00\",\"dateModified\":\"2019-05-31T10:40:31+00:00\",\"breadcrumb\":{\"@id\":\"https:\/\/distilleriedouence.fr\/#breadcrumb\"},\"inLanguage\":\"fr-FR\",\"potentialAction\":[{\"@type\":\"ReadAction\",\"target\":[\"https:\/\/distilleriedouence.fr\/\"]}]},{\"@type\":\"BreadcrumbList\",\"@id\":\"https:\/\/distilleriedouence.fr\/#breadcrumb\",\"itemListElement\":[{\"@type\":\"ListItem\",\"position\":1,\"name\":\"Accueil\",\"item\":\"https:\/\/distilleriedouence.fr\/\"},{\"@type\":\"ListItem\",\"position\":2,\"name\":\"Home Page accueil\"}]},{\"@type\":\"WebSite\",\"@id\":\"https:\/\/distilleriedouence.fr\/#website\",\"url\":\"https:\/\/distilleriedouence.fr\/\",\"name\":\"Distillerie Douence\",\"description\":\"Outil environnemental de la viticulture du Sud-Ouest\",\"potentialAction\":[{\"@type\":\"SearchAction\",\"target\":{\"@type\":\"EntryPoint\",\"urlTemplate\":\"https:\/\/distilleriedouence.fr\/?s={search_term_string}\"},\"query-input\":\"required name=search_term_string\"}],\"inLanguage\":\"fr-FR\"}]}<\/script>\n<!-- \/ Yoast SEO plugin. -->","yoast_head_json":{"title":"Home Page accueil - Distillerie Douence","robots":{"index":"index","follow":"follow","max-snippet":"max-snippet:-1","max-image-preview":"max-image-preview:large","max-video-preview":"max-video-preview:-1"},"canonical":"https:\/\/distilleriedouence.fr\/","og_locale":"fr_FR","og_type":"article","og_title":"Home Page accueil - Distillerie Douence","og_description":"Accueil Partenaire de la viticulture du sud-ouest La Distillerie DOUENCE collecte, distille et valorise les sous-produits de la viticulture et des vins du grand Sud-Ouest depuis plus de 70 ans. Elle est aujourd&rsquo;hui l&rsquo;outil environnemental de pointe de la viticulture en mati\u00e8re technologique et \u00e9cologique. Notre m\u00e9tier Situ\u00e9e dans l\u2019Entre-deux-Mers, pr\u00e8s de Bordeaux, la Distillerie","og_url":"https:\/\/distilleriedouence.fr\/","og_site_name":"Distillerie Douence","article_modified_time":"2019-05-31T10:40:31+00:00","og_image":[{"url":"http:\/\/distilleriedouence.fr\/wp-content\/uploads\/2019\/01\/marcs_raisin_500X390.jpg"}],"twitter_card":"summary_large_image","twitter_misc":{"Dur\u00e9e de lecture estim\u00e9e":"1 minute"},"schema":{"@context":"https:\/\/schema.org","@graph":[{"@type":"WebPage","@id":"https:\/\/distilleriedouence.fr\/","url":"https:\/\/distilleriedouence.fr\/","name":"Home Page accueil - Distillerie Douence","isPartOf":{"@id":"https:\/\/distilleriedouence.fr\/#website"},"datePublished":"2018-04-23T07:09:07+00:00","dateModified":"2019-05-31T10:40:31+00:00","breadcrumb":{"@id":"https:\/\/distilleriedouence.fr\/#breadcrumb"},"inLanguage":"fr-FR","potentialAction":[{"@type":"ReadAction","target":["https:\/\/distilleriedouence.fr\/"]}]},{"@type":"BreadcrumbList","@id":"https:\/\/distilleriedouence.fr\/#breadcrumb","itemListElement":[{"@type":"ListItem","position":1,"name":"Accueil","item":"https:\/\/distilleriedouence.fr\/"},{"@type":"ListItem","position":2,"name":"Home Page accueil"}]},{"@type":"WebSite","@id":"https:\/\/distilleriedouence.fr\/#website","url":"https:\/\/distilleriedouence.fr\/","name":"Distillerie Douence","description":"Outil environnemental de la viticulture du Sud-Ouest","potentialAction":[{"@type":"SearchAction","target":{"@type":"EntryPoint","urlTemplate":"https:\/\/distilleriedouence.fr\/?s={search_term_string}"},"query-input":"required name=search_term_string"}],"inLanguage":"fr-FR"}]}},"_links":{"self":[{"href":"https:\/\/distilleriedouence.fr\/index.php\/wp-json\/wp\/v2\/pages\/316"}],"collection":[{"href":"https:\/\/distilleriedouence.fr\/index.php\/wp-json\/wp\/v2\/pages"}],"about":[{"href":"https:\/\/distilleriedouence.fr\/index.php\/wp-json\/wp\/v2\/types\/page"}],"author":[{"embeddable":true,"href":"https:\/\/distilleriedouence.fr\/index.php\/wp-json\/wp\/v2\/users\/1"}],"replies":[{"embeddable":true,"href":"https:\/\/distilleriedouence.fr\/index.php\/wp-json\/wp\/v2\/comments?post=316"}],"version-history":[{"count":317,"href":"https:\/\/distilleriedouence.fr\/index.php\/wp-json\/wp\/v2\/pages\/316\/revisions"}],"predecessor-version":[{"id":1682,"href":"https:\/\/distilleriedouence.fr\/index.php\/wp-json\/wp\/v2\/pages\/316\/revisions\/1682"}],"wp:attachment":[{"href":"https:\/\/distilleriedouence.fr\/index.php\/wp-json\/wp\/v2\/media?parent=316"}],"curies":[{"name":"wp","href":"https:\/\/api.w.org\/{rel}","templated":true}]}}